pose 2*z + 10 = 0, 3*z - 16 + 127 = 2*t. What is the highest common divisor of a and t?
12
Let i(r) = 33*r - 1175. Let u be i(36). What is the highest common divisor of u and 533?
13
Let z(u) = u**3 + 5*u**2 - 4*u + 6. Let b be z(-5). Suppose -2*k = 2*w - 4*w + b, -4*w = 3*k + 18. Let a = 22 + k. What is the highest common factor of 3 and a?
3
Suppose 0 = 158*l - 16321 - 48156 - 241411. Calculate the greatest common factor of l and 272.
16
Suppose 105 = v + 4*v. Suppose -111*j + 26167 = 526. Calculate the greatest common divisor of v and j.
21
Let i = 128 + -134. Let o be (1666/(-147))/(2/i). What is the highest common factor of 51 and o?
17
Let t(u) = u**3 - 7*u**2 - 3*u + 5. Let c be t(8). Let h = -8957 + 8993. Calculate the greatest common factor of c and h.
9
Suppose 29*g = j + 28*g - 189, 5*j = -4*g + 945. Let y(w) = -w**3 - 6*w**2 + 5*w - 7. Let z be y(-7). Calculate the highest common divisor of j and z.
7
Let f(l) = -l**3 - 30*l**2 + 24*l + 206. Let r be f(-31). Let i = 462 - r. Let k be 2 + -1 + (-1 - -26). Calculate the greatest common divisor of k and i.
13
Suppose 6*g + 10 = -4*g. Let p be (1 - g)/(24/48). Calculate the highest common factor of 60 and p.
4
Suppose 37 = -d + 37. Suppose d = -48*b + 44*b + 288. Calculate the highest common factor of 24 and b.
24
Let i = 7611 - 7566. Let t = 11 - 8. Suppose -t*l + 31 = 2*s, 3*l - s - 4*s - 17 = 0. Calculate the highest common divisor of l and i.
9
Suppose 0 = -5*g + 10*y - 14*y, 5*y = 2*g. Suppose 28*s - 8*s - 12480 = g. Calculate the highest common divisor of s and 39.
39
Suppose 53*q = 51*q + 8. Suppose -3*h + h = -z + 14, q*z = -2*h + 46. What is the highest common divisor of 948 and z?
12
Let v be 11/((1/24)/(-2*(-296)/32)). Calculate the highest common factor of v and 396.
132
Let c be -2*(-5)/20*0. Let w be (4/6)/(c - 4/(-408)). Calculate the greatest common factor of 306 and w.
34
Let k = -5681 + 5777. What is the highest common factor of 416 and k?
32
Let p = 2277 + -2276. What is the highest common factor of p and 480?
1
Let h = 87 - 43. Let k be (-8 - (-3)/(15/52))*5. Calculate the greatest common factor of k and h.
4
Suppose -3195 = -595*o + 240*o. Let y = -131 - -75. Let l = 16 - y. What is the highest common divisor of l and o?
9
Suppose 135 - 6 = 29*t - 683. Suppose -5*d = -22 + 2. Calculate the highest common divisor of d and t.
4
Suppose 0 = 428*g - 277*g - 17818. What is the highest common factor of 2 and g?
2
Let o = 793 + -784. Suppose 20 = 10*c - 0. Calculate the highest common divisor of c and o.
1
Let a be (1081/(-46) - 35)*(-20)/6. Let j be (3/(-6))/(2/(-300)). What is the highest common factor of j and a?
15
Suppose 5*f - 3*f = -8, 3*g - 1362 = -3*f. Let b = g + -227. Calculate the greatest common divisor of 33 and b.
33
Let u be 371 + -2*(-2 + 1). Let v = 2373 + -2602. Let n = v + u. Calculate the greatest common factor of 18 and n.
18
Let f = -272 - -439. Let b = f + 118. What is the highest common factor of 114 and b?
57
Suppose 0 = -8*s + 22*s - 42. Let a(q) = 9*q**2 + q. Let p be a(s). Calculate the highest common factor of 28 and p.
28
Let s(w) = -w**3 - 14*w**2 - 2*w + 30. Let v = -29 - -15. Let c be s(v). What is the highest common divisor of 290 and c?
58
Suppose 521*l + 200 = 541*l. What is the highest common divisor of 2510 and l?
10
Let w(r) = -r + 3. Let x be w(0). Suppose x*t - 37 - 83 = 0. Let y = 9 - -7. Calculate the greatest common factor of t and y.
8
Let d(b) = -60*b**2 - 3*b - 60. Let w be d(-10). Let p be w/(-150) - 2/10. Calculate the greatest common divisor of p and 64.
8
Let k(q) = 306*q + 5235. Let a be k(-17). Suppose m = -2*m + 5*f - 4, m - 8 = -3*f. What is the highest common factor of a and m?
1
Let w(m) = -1084*m - 8026. Let c be w(-8). Calculate the greatest common factor of 884 and c.
34
Suppose 3*m - 4 = 4*h + 3, -22 = -h - 4*m. Let k be -3 - 147/((-14)/h). What is the greatest common divisor of 306 and k?
18
Suppose 28*o = 21*o + 21. Suppose -o*i + 26 = -2*u, 3*u - 68 = -4*i - 22. What is the highest common factor of 10 and i?
10
Let d be (-1402 + -2)*(66/12)/(-11). Suppose -d = 4*s - 13*s. Suppose 0*q = 2*q - x - 70, 2*q + 3*x = s. What is the highest common factor of q and 12?
12
Suppose 124 = -3*p + 5*i, -5*i - 180 = 10*p - 5*p. Let w = 52 + p. What is the highest common divisor of w and 133?
7
Let i = 462 - 307. Calculate the greatest common factor of 145 and i.
5
Suppose 0*p - 140 = -5*p. Suppose u - p = -3*a, 4*a - 2*u = 1 + 23. Let k be ((-4)/(-6))/(a/96). Calculate the greatest common divisor of 32 and k.
8
Suppose -3*o = 3*o - 1206. Let b = -3016 - -3019. Calculate the greatest common factor of b and o.
3
Let d = -35843 - -35857. Suppose -p + 358 = 4*c, -2*c - 1315 = -5*p + 431. Let n = p - 196. What is the highest common factor of d and n?
14
Let w = -8 + 10. Suppose 4*n - 590 = w*n. Suppose -7 = 6*a - n. Calculate the highest common divisor of a and 32.
16
Let n(s) = 21*s + 304. Let t be n(-14). Calculate the greatest common factor of t and 365.
5
Suppose 161*s - 9933 - 3591 = 0. What is the greatest common divisor of s and 4092?
12
Let h(n) = -3*n - 32. Let q(o) = -o**2 - 30*o - 93. Let t be q(-27). Let f be h(t). What is the highest common factor of 2 and f?
2
Let v be ((-35)/20)/((-7)/(-4) + -2). Let w be (-5 + (v - -2))*5. Calculate the highest common divisor of w and 30.
10
Let j = -71 + 75. Let c be ((-46)/j)/(199/(-22) + 9). Calculate the highest common factor of 23 and c.
23
Let o = 191 - 114. Let y(u) = 126*u - 1846. Let i be y(15). Calculate the highest common factor of o and i.
11
Let q = 8557 - 8541. What is the highest common factor of q and 5392?
16
Let f = 3230 + -4557. Let z = -936 - f. What is the greatest common factor of z and 46?
23
Let g(x) = x**3 + x**2 - 6*x + 3. Let w be g(-4). Let d = w - -13. Let u be (4/d - 0)*2 - -14. What is the highest common divisor of 39 and u?
13
Let m be (1 + -38)/((-10)/10). Let c = 10 + -4. Suppose -241 = -c*g + 203. What is the highest common divisor of g and m?
37
Let v be ((-351)/273)/(1/(-7)). What is the greatest common divisor of v and 1521?
9
Let u(v) = 3633*v + 467. Let o be u(5). Calculate the highest common factor of o and 136.
136
Suppose 0 = -3*s - 18, -5*g + 40*s - 37*s = -933. What is the highest common divisor of 7503 and g?
183
Let w be -2 + -2 - (9*36)/(-4). Suppose -r + 11 = -0*n + 4*n, 3*n = 2*r - w. What is the greatest common divisor of r and 155?
31
Let l = 8967 - 8869. Calculate the greatest common divisor of 42 and l.
14
Let p = 18 - 9. Suppose -4*v = -3*g - p, -g - 3*g + 3*v = 5. Let i = 57092 - 57079. Calculate the highest common divisor of i and g.
1
Let v be -1 + 2 + -7 + 0 + 1. Let t be 5*(-5 - v - (-1 - 0)). Suppose -113 = -t*b - 2*j, 5*b - j - 116 = -0*b. Calculate the highest common divisor of b and 69.
23
Suppose -5390 = -83625*n + 83620*n. Calculate the highest common divisor of n and 2002.
154
Let f(v) = 3*v - 29. Let n be f(12). Let t(u) = 7*u**3 + 7*u**3 - n*u**2 - 7*u - 15*u**3 - 3. Let g be t(-6). What is the greatest common divisor of 2 and g?
1
Let d(f) = -f**3 + 6*f**2 - 4*f - 3. Suppose -5*t + 47 = 22. Let r be d(t). Let k be (308/(-33))/(r/(-24)). Calculate the greatest common factor of k and 7.
7
Suppose 37 = 4*a + 1. Suppose 0 = 8*p - 11*p + a. Suppose -p*x + 27 = -99. What is the highest common factor of 6 and x?
6
Let c = 31 + 11. Let p(y) = y**2 - 3*y + 143. Let k be p(20). What is the greatest common factor of c and k?
21
Let l be -114*(-12 - (-286)/33). What is the highest common factor of l and 855?
95
Suppose 10*c + 1 = 31. Suppose 8*b - 55 = 3*b - c*q, 0 = -4*b - 3*q + 47. Calculate the highest common factor of 64 and b.
8
Suppose 0 = -35*x + 36*x - 3. Suppose -699 + 1161 = x*j. Calculate the highest common divisor of 42 and j.
14
Let t(j) = -70*j - 75. Let x be t(-6). Suppose 0 = -11*f + 213 - 48. What is the greatest common divisor of f and x?
15
Suppose 3*a - 3*t = -1653, 3*t + 3 - 6 = 0. Let k = a - -615. Calculate the greatest common factor of 585 and k.
65
Let y be -4*(-19)/(912/37500). Calculate the greatest common divisor of 75 and y.
25
Let m = 186 + -193. Let f(p) = -p**3 - 5*p**2 - 2*p - 12. Let i be f(m). What is the highest common factor of i and 40?
20
Suppose 4*r - 16 = 2*r + 2*p, 0 = -3*r -